= -3*o. What is the units digit of o?
4
Let z(g) = g + 3. Let r be z(3). Suppose 0 = p - 4 - r. What is the units digit of p?
0
Suppose 2*i = -2, -2*i - 1 = 2*m - 9. Suppose -2*s = 2*s - 12. Suppose 25 = 3*p - 2*j, -s*p - p + 45 = -m*j. What is the units digit of p?
5
Suppose 0 = 4*l - 17 - 23. Let n(p) = p**2 - 10*p + 2. Let v be n(l). Suppose -2*o + 10 = -v. What is the units digit of o?
6
Let a be 8 + (-5 - (1 - 4)). Suppose -38 = -5*n + 4*g, -2*n - 3*g = -0*g - a. What is the units digit of n?
6
Let n = -233 + 329. Suppose 3*h - 71 = -5*r, 4*h + 2*r + 20 = n. What is the tens digit of h?
1
Let f(l) be the third derivative of l**6/120 - l**5/15 - l**4/6 + 5*l**3/6 - l**2. Suppose r - 8*r = -35. What is the tens digit of f(r)?
1
Let j = 83 + -56. What is the tens digit of j?
2
What is the tens digit of 8/(-68) + (-1179)/(-51)?
2
Suppose 0*z + 1 = -z - 2*m, 0 = 3*m + 15. What is the units digit of z?
9
Suppose 0 = o - 4*o + 12. Suppose 5*y - o = 4*y. What is the units digit of y?
4
What is the tens digit of (-68)/(-1 + -1) - (24 - 26)?
3
Let d = -2 - -10. Let x(j) = -j**3 + 8*j**2 - j + 11. What is the units digit of x(d)?
3
Let j = 94 + -31. What is the units digit of j?
3
Let j = 137 + -62. What is the tens digit of j?
7
Suppose 189 = 4*h + 3*z, -2*z + 7 - 1 = 0. What is the units digit of h?
5
Let v be 24/9*27/4. Suppose -v = -q - 2*q. Let n = -3 + q. What is the units digit of n?
3
Suppose h = -4*y + 101, -5*h - 62 + 519 = 4*y. What is the units digit of h?
9
Suppose -4*m = 4*c + 20, 2*m - m = -3*c - 9. What is the tens digit of (3 - -13 - m) + 0?
1
What is the tens digit of (-414)/27*(-6)/4?
2
Let n = 13 - 9. Suppose 3*z - n = 5. What is the units digit of z?
3
Let w = -6 - -37. What is the tens digit of w?
3
Suppose -u + 2*u - 5*l = -34, -2*l = -8. Let a = 49 - 70. Let w = u - a. What is the units digit of w?
7
Suppose -2*b = -4*h - 24, -2*b - 2*h = b - 28. What is the tens digit of b?
1
Suppose 3*y - 180 = -3*y. What is the units digit of y?
0
Suppose -63 = 3*i - 450. What is the tens digit of i?
2
Let m be -13 + (-1 - 0) + 0. Let q = 28 + m. What is the tens digit of q?
1
Let q(g) = -3*g + 1. What is the tens digit of q(-5)?
1
Suppose 3*h - 2*z = -232, 12 = 4*z - 8. What is the units digit of (-2)/8 + h/(-8)?
9
Suppose -4*v + 4*p + 4 = 0, 3*v = -3*p + p + 18. Let o(f) = -f + 6. Let x be o(6). Suppose x = -n - n + v. What is the units digit of n?
2
Let q be (-25)/(-4) - (-4)/(-16). Let o = 13 - q. What is the units digit of o?
7
Let p be (-2)/3 - (-4)/6. Suppose p = -5*a + 70 - 5. What is the units digit of a?
3
Let u = 8 + 0. What is the units digit of u?
8
Suppose 2*n - a - 2 = -3*a, 5*n - 5*a = 25. Suppose n*i - 17 = 22. What is the tens digit of i?
1
Suppose 8 = -2*g, -3*g + 39 = k - 4*g. What is the tens digit of k?
3
What is the units digit of 0 + ((-201)/(-2) - (-3)/(-6))?
0
Suppose -b = -3*b + 4*t + 42, -3*b + 5*t = -61. Let l = -9 + b. What is the units digit of l?
8
Let t(z) = z + 14. What is the units digit of t(-12)?
2
What is the units digit of 12/(-66) + 2/(-22)*-442?
0
Let l(i) = -i**3 + 8*i**2 + 9*i + 5. Let m be l(9). Suppose -2*v - 34 = -m*x, -2*x = 2*v - 4*v - 16. What is the units digit of x?
6
Let l(t) = -t**3 - 7*t**2 - 10*t. Let r(s) = -s + 1. Let c(u) = l(u) - 3*r(u). What is the units digit of c(-6)?
3
Let l(b) = -b**2 - 6*b + 4. Let k be l(-6). Let h be (-1*1)/(k/(-8)). Suppose 4*x = 4*n + 4, h*n = -3*x + 16 + 2. What is the units digit of x?
4
Suppose -p + 757 = 4*p + 4*s, 2*p - 295 = s. What is the tens digit of p?
4
Suppose 0 = -2*g + 5*g + 12. What is the units digit of g/(-12)*0 - -13?
3
Let x(g) = -g**3 - g**2 - g - 5. Let z be x(0). Let y = -2 - z. Suppose 2*d - 11 = y*k, d + 3 = 4*k + 16. What is the units digit of d?
1
Suppose 3*j - 15 = 5*m, 12 = -0*m + 4*m. What is the tens digit of j?
1
Let l(x) = x - 2. Let h be l(5). Suppose 3*o - 29 = -5*s - 4, -h*o + 5*s = -5. Let f(m) = m**2 - 3*m - 2. What is the units digit of f(o)?
8
Suppose 0 = -2*v - v. Suppose 7*o = 3*o - 20, -2*u + 4*o + 12 = v. What is the tens digit of 8/(-4)*26/u?
1
Suppose -3*z + 5*d + 114 = 0, -d + 0 = 3. What is the units digit of z?
3
Suppose -16 + 4 = -3*r. Suppose -a + 4 = -r*q - 18, 0 = -q - 5. Suppose -a*h = -4*h + 2. What is the units digit of h?
1
Let x = 243 + -122. What is the hundreds digit of x?
1
Suppose -10*b = -1103 - 1287. What is the units digit of b?
9
Suppose f + 1 = -4*w + 5*w, 3*w = 2*f + 3. Let a be 1 - (f + 0 + 18). Let z = 27 + a. What is the tens digit of z?
1
Let c(y) be the first derivative of -y**4/4 - 4*y**3/3 + 5*y**2/2 + 6*y + 4. What is the units digit of c(-5)?
6
Let x(s) = -2*s + 6. Let t be x(-6). Suppose t = 3*j - 3*v, 39 = 5*j - 2*j + 4*v. What is the units digit of j?
9
What is the tens digit of (-6)/(-3)*((-1425)/10)/(-5)?
5
Let j(t) = -t. Let s = -22 - -33. Let y = 8 - s. What is the units digit of j(y)?
3
Let x = -2 + -15. Suppose -2*r + 4*z + 2 = -2, -4*r - 8 = -4*z. Let q = r - x. What is the tens digit of q?
1
Let s(k) = 3*k**3 - k**2 - k - 1. Let d be s(2). Let n(g) = g**2 + 11*g + 2. Let m be n(-10). Let v = m + d. What is the units digit of v?
9
Let d(a) = a - 7. Let u(y) = y - 14. Let k(g) = -5*d(g) + 3*u(g). Let t be k(-5). What is the units digit of t*2 - (-4)/2?
8
Suppose -5*z + v + 18 = 0, z - 10 = -v - 4. Suppose -z = 2*o - 0. Let m(w) = 2*w**2 - w - 2. What is the units digit of m(o)?
8
Let j(r) = r**2 + 7*r - 10. Let l be j(-8). What is the units digit of (l + (-2)/(-4))*-4?
6
Suppose -376 + 1301 = 5*c. What is the units digit of c?
5
Let b = -5 + 7. Let y be (-3)/b - 15/(-10). Let n = y - -3. What is the units digit of n?
3
Let q(c) = -c - 3. Let l be q(0). Suppose -1 = z + 5*v, -4*z - 3*v + v + 14 = 0. Let m = z - l. What is the units digit of m?
7
Let l(t) = t - 15. What is the units digit of l(17)?
2
Suppose -326 = -3*r + d, r + 4*d - 113 + 26 = 0. What is the hundreds digit of r?
1
Let n be 5 + (1 - -8)/(-3). Suppose -1 = n*j - 17. What is the units digit of j?
8
Suppose -230 + 42 = -3*u - k, 5*u - 280 = 5*k. What is the tens digit of u?
6
Let t(d) = d + 2. Let q be t(-2). Suppose q*y - 3 = y + 3*a, y + a = 1. What is the units digit of y?
3
Let x(s) = -9*s**3 - 2*s**2 - s + 7. What is the hundreds digit of x(-3)?
2
Let j = -4 - 2. Let z(x) = x**2 - 7*x. Let v(y) = -3*y**2 + 15*y + 1. Let k(u) = -2*v(u) - 5*z(u). What is the units digit of k(j)?
4
Let m(w) be the first derivative of w**4/4 + 4*w**3/3 - 5*w**2/2 + 4*w + 1. What is the units digit of m(-5)?
4
Let f(u) = -5*u + 1. What is the units digit of f(-1)?
6
Suppose -k + 251 = 6*x - 11*x, k - 4*x = 254. What is the units digit of k?
6
Suppose 0 = -14*x + 9*x + 120. What is the tens digit of x?
2
Let n = -60 - -14. Let j = n + 31. Let s = -7 - j. What is the units digit of s?
8
Let d be (-5 + -1)*(-2)/6. Let q = 20 + -16. Suppose d*k - m - 17 = -q*m, 0 = 4*k + 4*m - 28. What is the units digit of k?
4
Let y = -2 - -5. Suppose 10 = 2*w - t, 4*w - 4*t = -8 + 20. Suppose -2*c = -w - y. What is the units digit of c?
5
Let d(z) = 11 - 14*z**2 - 10*z**3 + 9*z**3 - 12*z + z**2. What is the tens digit of d(-12)?
1
Suppose -6 = -5*s + 4. Suppose s*m = x + 3*m - 3, -2*x + 4*m = -6. What is the units digit of x?
3
Suppose -3*r = 3*j - 3, -2*j + j - 1 = 2*r. Let t be 0 - (1*r)/(-2). Let u = t + 2. What is the units digit of u?
1
Let g be ((-24)/15)/(6/(-45)). Suppose 3*k + g = 3*x, -2*x + 5*x - 5*k - 20 = 0. Suppose 0 = 4*c - x*c - 4. What is the units digit of c?
1
Let x(p) = 2*p**2 + 2*p. Let c be x(-2). What is the tens digit of -1*(-1 + c) - -20?
1
Suppose 2*v - v - 1 = 0. What is the tens digit of 4 - -9 - (v - -2)?
1
Let y be 2 - -1*(-12)/(-2). Suppose -4*l - 60 = -y*l. What is the units digit of (6/l)/((-3)/(-30))?
4
Let g be (8/(-10))/((-6)/15). Suppose -g*m + 11 = -m. Let x = -4 + m. What is the units digit of x?
7
Let j = 10 + -7. Suppose p - 2*p + 5*h = 10, j*p + h - 18 = 0. Suppose -5*r = l - 26, -2*r + p*r = 12. What is the units digit of l?
6
Suppose -m = -s - 16 + 37, 0 = 2*s - 5*m - 57. What is the units digit of s?
6
Let p = 0 - -3. Let t be 0 - ((p - 64) + -1). Suppose 3*o = -5*m + t, 2*m + o - 16 - 8 = 0. What is the units digit of m?
0
Let z(o) be the second derivative of o**5/20 - o**4/6 - 7*o**3/6 + 5*o*